se 5
-142210
What is -46643 (base 7) in base 8?
-27323
-40321 (base 7) to base 10
-9766
23024 (base 5) to base 9
2221
-2314 (base 6) to base 16
-226
What is 2310 (base 12) in base 9?
5313
-22130 (base 4) to base 2
-1010011100
Convert 23110 (base 4) to base 15.
334
What is 654 (base 10) in base 12?
466
Convert 4927 (base 11) to base 13.
2c17
What is -3621 (base 9) in base 4?
-222010
Convert 53050 (base 10) to base 8.
147472
4551 (base 7) to base 13
9a2
-14345 (base 6) to base 9
-3132
Convert -111133 (base 4) to base 5.
-21000
-3130131 (base 4) to base 13
-6564
Convert 1000010100011111 (base 2) to base 9.
51665
What is 54323 (base 7) in base 16?
34e5
10432 (base 5) to base 2
1011100110
Convert 10055 (base 8) to base 10.
4141
15 (base 15) to base 9
22
What is -20022200 (base 3) in base 2?
-1001000000000
-214 (base 15) to base 13
-2a1
Convert 10302 (base 4) to base 14.
17c
4134 (base 5) to base 15
264
Convert 474 (base 13) to base 9.
1046
What is -201122011 (base 3) in base 6?
-150134
-199 (base 13) to base 12
-207
-10001111 (base 2) to base 11
-120
What is -1506 (base 7) in base 8?
-1122
What is 126 (base 16) in base 9?
356
Convert 111000 (base 2) to base 11.
51
-c2 (base 15) to base 11
-156
Convert 4ff (base 16) to base 6.
5531
Convert 14930 (base 10) to base 3.
202110222
101110010111 (base 2) to base 13
1473
Convert 11111101111010 (base 2) to base 13.
7520
Convert 143663 (base 7) to base 14.
a1a3
What is -3310000 (base 4) in base 16?
-3d00
-32111 (base 4) to base 3
-1020222
-5a6 (base 13) to base 2
-1111010101
What is -16e (base 15) in base 13?
-1c4
What is 16385 (base 10) in base 16?
4001
Convert -658 (base 15) to base 9.
-1862
What is 1 (base 3) in base 14?
1
Convert 1203 (base 12) to base 10.
2019
Convert -11a2 (base 11) to base 7.
-4363
Convert 1544 (base 12) to base 16.
9c4
-2144 (base 5) to base 16
-12b
What is 12013231 (base 4) in base 3?
1021101111
Convert 13157 (base 8) to base 4.
1121233
Convert -3104 (base 5) to base 15.
-1be
Convert -2321 (base 4) to base 6.
-505
-920 (base 12) to base 7
-3564
Convert a4ba (base 12) to base 2.
100011001001110
Convert -3080 (base 13) to base 10.
-6695
Convert -44314 (base 6) to base 7.
-23656
What is -1773 (base 13) in base 6?
-24030
Convert -98 (base 10) to base 2.
-1100010
454a (base 13) to base 12
573b
ca (base 14) to base 11
152
What is 289 (base 13) in base 3?
121201
Convert 441 (base 9) to base 3.
111101
What is -23113102 (base 4) in base 3?
-2100211221
Convert 1010 (base 10) to base 15.
475
What is -20110221 (base 3) in base 5?
-122343
Convert 153b (base 14) to base 12.
2229
What is 1a2 (base 16) in base 5?
3133
50145 (base 6) to base 14
2557
3113300 (base 5) to base 9
77050
-5444 (base 7) to base 11
-1507
What is -479 (base 16) in base 3?
-1120102
What is -123 (base 14) in base 8?
-343
Convert -5005 (base 7) to base 14.
-8ac
Convert -425 (base 12) to base 7.
-1523
Convert -37c (base 16) to base 10.
-892
Convert -2206 (base 8) to base 12.
-806
Convert -414 (base 7) to base 11.
-179
Convert -3509 (base 14) to base 3.
-110122112
What is 1000110000011110 (base 2) in base 10?
35870
What is -700 (base 10) in base 7?
-2020
What is 2364 (base 12) in base 9?
5384
-8c8 (base 14) to base 8
-3320
What is -2f (base 16) in base 14?
-35
-1344353 (base 6) to base 16
-1298d
What is 1145c (base 15) in base 11?
38349
Convert -13324 (base 10) to base 6.
-141404
Convert -3d15 (base 15) to base 13.
-5c45
-30c (base 15) to base 8
-1257
-842 (base 16) to base 14
-ab0
Convert 1101001100 (base 2) to base 5.
11334
Convert 260321 (base 8) to base 13.
3215a
22600 (base 9) to base 12
8876
327a (base 12) to base 3
21122011
What is 31332 (base 4) in base 3?
1020010
What is -13468 (base 12) in base 10?
-26576
-235563 (base 7) to base 4
-22131012
What is -14 (base 6) in base 16?
-a
Convert 1f9 (base 16) to base 2.
111111001
What is -140 (base 13) in base 15?
-eb
What is -113324 (base 6) in base 10?
-9844
35 (base 6) to base 3
212
Convert -10132 (base 4) to base 5.
-2121
What is 113153 (base 6) in base 5?
303124
-270 (base 12) to base 6
-1420
48a (base 14) to base 10
906
-44442 (base 8) to base 6
-222402
Convert -1243240 (base 5) to base 12.
-12444
Convert 723 (base 9) to base 7.
1500
What is -1010101010 (base 2) in base 11?
-570
Convert c46 (base 13) to base 15.
941
232 (base 12) to base 14
194
What is 33456 (base 7) in base 11?
63aa
111 (base 16) to base 14
157
-1393a (base 16) to base 7
-452531
4472 (base 9) to base 11
2535
-13022 (base 4) to base 9
-558
877 (base 12) to base 16
4db
What is -3b3 (base 14) in base 6?
-3241
Convert 192e (base 15) to base 8.
12504
What is 215055 (base 6) in base 13?
823a
3253 (base 9) to base 15
a9c
Convert -41e (base 15) to base 9.
-1242
What is 5262 (base 8) in base 7?
10661
-10c2c (base 15) to base 16
-d077
3247 (base 10) to base 11
2492
-73 (base 15) to base 16
-6c
What is -555 (base 15) in base 10?
-1205
What is -27100 (base 8) in base 12?
-6a28
What is 10b2 (base 16) in base 7?
15314
-10000001000011 (base 2) to base 4
-2001003
What is -5742 (base 9) in base 7?
-15251
b7a8 (base 12) to base 3
1000122002
-8550 (base 9) to base 4
-1202022
What is 2f (base 16) in base 15?
32
Convert 180a (base 12) to base 11.
2198
Convert 3022 (base 7) to base 5.
13140
101221210 (base 3) to base 4
1330302
Convert 2430312 (base 5) to base 11.
31382
What is 152f (base 16) in base 8?
12457
What is -1252 (base 8) in base 15?
-307
Convert -14123 (base 5) to base 13.
-6b6
Convert -20251 (base 11) to base 2.
-111001110001100
-25223 (base 10) to base 7
-133352
-ac (base 16) to base 5
-1142
Convert -1c3 (base 14) to base 7.
-1033
2013 (base 6) to base 4
12321
3303 (base 5) to base 9
553
What is 1050 (base 8) in base 14?
2b6
-720 (base 8) to base 12
-328
-153 (base 13) to base 3
-22210
What is -6338 (base 15) in base 14?
-7906
476 (base 15) to base 4
33303
Convert -1001100001 (base 2) to base 8.
-1141
Convert 4043 (base 7) to base 11.
1066
17599 (base 14) to base 13
20975
What is 856b (base 12) in base 13?
6872
What is 204 (base 15) in base 5?
3304
What is 334 (base 10) in base 4?
11032
-33001 (base 4) to base 5
-12321
Convert -10248 (base 12) to base 10.
-21080
Convert 14413 (base 5) to base 9.
1620
Convert -1da (base 16) to base 7.
-1245
-79e (base 16) to base 11
-1513
What is 21221 (base 3) in base 6?
554
What is -b31 (base 15) in base 7?
-10231
-70238 (base 9) to base 13
-17cc0
Convert 63bd (base 14) to base 6.
211415
40d (base 16) to base 13
61a
-33165 (base 7) to base 10
-8328
-7320 (base 16) to base 15
-8aec
What is 1444 (base 8) in base 2?
1100100100
a146 (base 11) to base 12
7975
Convert 11505 (base 8) to base 13.
2326
Convert -11321211 (base 4) to base 2.
-101111001100101
Convert 4b1b (base 15) to base 4.
3322001
What is -3ba7 (base 12) in base 7?
-26050
1000110001000 (base 2) to base 16
1188
What is 5256 (base 8) in base 15?
c24
What is 1433 (base 5) in base 9?
300
What is 614 (base 9) in base 16?
1f3
Convert -496 (base 11) to base 10.
-589
Convert 110001010110 (base 2) to base 7.
12131
Convert 3ba (base 13) to base 15.
2e0
210c1 (base 13) to base 9
100524
79 (base 14) to base 7
212
What is 12002220 (base 3) in base 4?
322023
Convert 111000111010 (base 2) to base 4.
320322
-1239 (base 16) to base 11
-3561
Convert 2021200 (base 3) to base 2.
11010000001
What is 24025 (base 6) in base 12?
2015
Convert 3002314 (base 5) to base 7.
254431
Convert -5504 (base 6) to base 8.
-2360
What is -12501 (base 6) in base 4?
-131311
803b (base 12) to base 16
362f
What is -453 (base 6) in base 10?
-177
5285 (base 14) to base 4
3132111
-1012020 (base 3) to base 13
-51c
Convert 1101010001110111 (base 2) to base 10.
54391
-20331 (base 7) to base 8
-11553
What is 10306 (base 8) in base 4?
1003012
111003 (base 5) to base 10
3878
Convert -341061 (base 7) to base 14.
-18031
Convert -4533 (base 6) to base 12.
-749
What is 2330231 (base 4) in base 11?
908a
Convert 12021 (base 6) to base 8.
3315
What is 329 (base 15) in base 3?
222110
-212233 (base 4) to base 7
-10141
Convert 9362 (base 16) to base 2.
1001001101100010
Convert -11100000111 (base 2) to base 8.
-3407
Convert -102020301 (base 4) to base 9.
-122813
What is 3515 (base 11) in base 8?
11006
What is 1a1ab (base 12) in base 15?
b52b
127b (base 14) to base 11
2490
1001110222